{"id":9,"date":"2015-11-26T23:20:07","date_gmt":"2015-11-26T23:20:07","guid":{"rendered":"https:\/\/ilmonastero-residenzaprotetta.it\/?page_id=9"},"modified":"2019-05-23T13:53:28","modified_gmt":"2019-05-23T13:53:28","slug":"servizi","status":"publish","type":"page","link":"https:\/\/ilmonastero-residenzaprotetta.it\/?page_id=9","title":{"rendered":"Servizi"},"content":{"rendered":"<h3><\/h3>\n<h3><strong><span style=\"color: #800000;\">Il Vitto<\/span><\/strong><\/h3>\n<p>Il vitto \u00e8 a carattere familiare. Il men\u00f9 giornaliero \u00e8 stato predisposto garantendo una certa variet\u00e0 di piatti e varia con cadenza quindicinale. Ci\u00f2 per le persone che sono in un buono stato di salute, mentre per quelle che hanno maggiori problematiche fisiche viene preparato un pasto semiliquido, variando comunque il gusto e la qualit\u00e0 dei prodotti.<br \/>\nE\u2019 garantita la possibilit\u00e0 di seguire diete particolari connesse al proprio stato di salute.<\/p>\n<p>&nbsp;<\/p>\n<h3><strong><span style=\"color: #800000;\">Attivit\u00e0 di Tempo Libero e Animazione<\/span><\/strong><\/h3>\n<p>All\u2019interno della residenza \u00e8 presente un vasto salone dove gli utenti trascorrono insieme il loro tempo libero dedicandosi a varie attivit\u00e0.<br \/>\nIn occasione di alcune festivit\u00e0 la residenza organizza attivit\u00e0 ricreative, quali: feste ed incontri con i familiari e con gli anziani del paese.<\/p>\n<p>&nbsp;<\/p>\n<h3><strong><span style=\"color: #800000;\">Servizio di Parrucchiere per Uomo e per Donna e Servizio Pedicure<\/span><\/strong><\/h3>\n<p>Tale servizio \u00e8 garantito sia per le donne che per gli uomini da una parrucchiera esterna alla residenza che viene a prestare servizio a seconda delle necessit\u00e0 e non meno di una volta al mese,chi ha la possibilit\u00e0 si reca al suo negozio.<br \/>\nAltri servizi similari sono assicurati dal personale socio-assistenziale.<\/p>\n<p>&nbsp;<\/p>\n<h3><strong><span style=\"color: #800000;\">Sala da Pranzo<\/span><\/strong><\/h3>\n<p>I pasti sono consumati di regola nel salone da pranzo al piano terra della struttura, per problemi di salute sono serviti in camera.<br \/>\nDi norma l\u2019orario dei pasti \u00e8 il seguente : colazione ore 9,00; pranzo ore 12,15; cena ore 18,30.<\/p>\n<p>&nbsp;<\/p>\n<h3><strong><span style=\"color: #800000;\">Servizio Amministrativo<\/span><\/strong><\/h3>\n<p>Il personale amministrativo favorisce il disbrigo di pratiche amministrative degli anziani e si occupa della gestione rette, informazione per l\u2019accesso di nuovi utenti e della gestione complessiva della struttura.<\/p>\n<p>&nbsp;<\/p>\n<h3><strong><span style=\"color: #800000;\">Servizio di Lavanderia e Guardaroba<\/span><\/strong><\/h3>\n<p>La residenza assicura il lavaggio e stiratura della biancheria e degli indumenti personali e provvede a fornire lenzuola, federe, coperte e asciugamani.<br \/>\nFornisce inoltre, in caso di bisogno, un servizio di sistemazione e rammendo dei capi deteriorati.<\/p>\n<p>&nbsp;<\/p>\n<h3><strong><span style=\"color: #800000;\">L&#8217;Alloggio<\/span><\/strong><\/h3>\n<p>All\u2019ingresso all\u2019anziano viene assegnato un posto in una camera a due letti.<br \/>\nL\u2019assegnazione del posto in una camera singola avviene secondo le valutazioni dell\u2019\u00e9quipe della struttura in considerazione delle problematiche di carattere sociale, assistenziale e sanitario degli anziani presenti, come pure il suo eventuale trasferimento in altra camera.<br \/>\nIl residente potr\u00e0, per quanto possibile, scegliere il proprio compagno di camera, arredare la stanza con piccoli arredi personali, usare il proprio televisore.<br \/>\nIl residente dovr\u00e0 curare il proprio alloggio e tenere in ordine gli oggetti di sua propriet\u00e0 e rispettare la tranquillit\u00e0 degli altri ospiti.<\/p>\n<p>&nbsp;<\/p>\n<h3><strong><span style=\"color: #800000;\">Servizio Sociale<\/span><\/strong><\/h3>\n<p>L\u2019 assistente sociale del Monastero, oltre alle normali mansioni istituzionali:<\/p>\n<ul>\n<li>mantiene i contatti con il servizio sociale dei comuni di provenienza degli anziani;<\/li>\n<li>si occupa dell\u2019 ammissione dei nuovi residenti (chiamata, colloquio preliminare all\u2019ammissione, ecc.);<\/li>\n<li>mette in atto interventi tesi a favorire i rapporti tra i residenti e tra residenti e operatori della struttura;<\/li>\n<li>mantiene i contati con i familiari, favorendo la loro partecipazione alla vita della residenza;<\/li>\n<li>partecipa alla stesura di progetti di assistenza individuali;<\/li>\n<li>svolge attivit\u00e0 di segretariato sociale.<\/li>\n<\/ul>\n<p>&nbsp;<\/p>\n<h3><strong><span style=\"color: #800000;\">Servizio Religioso<\/span><\/strong><\/h3>\n<p>All\u2019interno della struttura periodicamente viene celebrata la Santa Messa ed altre funzioni religiose, che sono aperte anche alla comunit\u00e0 di Collazzone.<br \/>\nOgni anziano \u00e8 comunque libero di professare la propria fede religiosa.<\/p>\n<p>&nbsp;<\/p>\n<h3><strong><span style=\"color: #800000;\">Le Dimissioni<\/span><\/strong><\/h3>\n<p>Le dimissioni possono avvenire o per scadenza del termine autorizzato nel caso di ricovero temporaneo o su richiesta scritta presentata dall\u2019anziano o dai familiari, con preavviso di 15 giorni.<\/p>\n<p>Il Presidente, in qualit\u00e0 di gestore della residenza, sentito il CDA, pu\u00f2 allontanare un residente, con provvedimento di urgenza, in caso di condotta incompatibile con la vita comunitaria o per gravi infrazioni del Regolamento.<br \/>\nDi tale provvedimento viene data comunicazione all\u2019ASL competente e al servizio sociale del Comune di provenienza dell\u2019anziano e\/o ai suoi familiari, affinch\u00e9 venga trovata una nuova e adeguata sistemazione.<\/p>\n<p>&nbsp;<\/p>\n<h3><strong><span style=\"color: #800000;\">Assistenza Sociosanitaria<\/span><\/strong><\/h3>\n<p>L\u2019assistenza di base fornita, si basa sul principio della personalizzazione dell\u2019intervento, stimolando l\u2019autonomia della persona anziana.<br \/>\nL\u2019assistenza personalizzata viene programmata tramite il piano di assistenza individualizzato con il contributo di varie figure professionali (socio-sanitari, infermieri, caposala, fisioterapisti) e si concretizza in interventi specifici per il soddisfacimento dei bisogni del residente, nel rispetto delle abitudini di vita di ogni persona.<\/p>\n<p>&nbsp;<\/p>\n<h3><strong><span style=\"color: #800000;\">L&#8217;Ammissione<\/span><\/strong><\/h3>\n<p>La struttura \u00e8 convenzionata per n. 23 posti letto con l\u2019Azienda Unit\u00e0 Sanitaria Locale n. 1 dell\u2019Umbria.<br \/>\nSono ammessi anziani e persone non autosufficienti residenti nei comuni del territorio dell\u2019Azienda stessa, l\u2019ammissione pu\u00f2 essere temporanea o vitalizia ed \u00e8 regolata secondo una lista di attesa stilata sulla base della data di presentazione delle domande, della tipologia della non autosufficienza e delle condizioni sociali del paziente ed \u00e8 tenuta dalla A.S.L. stessa.<br \/>\nLa valutazione della non autosufficienza \u00e8 definita dall\u2019 Unit\u00e0 di Valutazione Geriatica (U.V.G.) composta dal medico sanitario della A.S.L. e dall\u2019 assistente sociale territoriale, la successiva ammissione in struttura avviene con la comunicazione alla Cooperativa da parte della A.S.L. dell\u2019autorizzazione all\u2019 inserimento.<\/p>\n<p><strong>Possono entrare in struttura anche persone non autosufficienti non in convenzione con la A.S.L. n. 1, qualora vi fosse la disponibilit\u00e0 di posti letto nei 25 autorizzati per non autosufficienti.<\/strong><\/p>\n<p>L\u2019 inserimento avviene previa comunicazione telefonica all\u2019anziano o ai familiari, con i quali viene concordato un colloquio preliminare all\u2019ammissione nel quale si definisce la data, vengono raccolte le notizie di natura sociale, assistenziale e sanitarie, e contemporaneamente si forniscono tutte le informazioni relative all\u2019organizzazione della struttura e della camera dove l\u2019anziano sar\u00e0 inserito, sulla base del Regolamento e della Carta dei Servizi.<\/p>\n<p>&nbsp;<\/p>\n<h3><strong><span style=\"color: #800000;\">Servizio di Fisioterapia e di Riabilitazione Motoria<\/span><\/strong><\/h3>\n<p>Gli interventi riguardano il recupero e\/o il mantenimento di funzionalit\u00e0 motorie pi\u00f9 o meno compromesse.<\/p>\n<p>&nbsp;<\/p>\n<h3><strong><span style=\"color: #800000;\">Servizio Medico &#8211; Infermieristico<\/span><\/strong><\/h3>\n<p>L\u2019assistenza sanitaria \u00e8 garantita tramite il Direttore Sanitario del Monastero.<br \/>\nNei giorni festivi e nelle ore notturne il servizio \u00e8 garantito dalla Guardia medica, se il Direttore Sanitario non \u00e8 rintracciabile.<br \/>\nPer i casi urgenti il riferimento \u00e8 il 118.<br \/>\nLe visite specialistiche vengono effettuate nell\u2019ambito dei servizi forniti dalla A.S.L. sulla base delle richieste del medico curante.<br \/>\nEventuali ricoveri in ospedale sono disposti su ordine medico con ambulanza o mezzo della struttura. L\u2019assistenza durante il ricovero in ospedale \u00e8 a carico dell\u2019anziano, la residenza provvede al recapito e cambio di biancheria.<\/p>\n<p>L\u2019assistenza infermieristica \u00e8 fornita da infermieri professionali, abilitati ai termini di legge, coordinati da una caposala, che provvedono a:<\/p>\n<ul>\n<li>approvvigionamento, distribuzione e somministrazione terapie prescritte dal medico curante. I farmaci seguono le regole del Servizio Sanitario Nazionale;<\/li>\n<li>interventi infermieristici (es. rilevazione parametri vitali, medicazioni, ecc.), secondo le indicazioni dei medico curante;<\/li>\n<li>programmazione visite mediche e specialistiche;<\/li>\n<li>interventi sanitari di emergenza-urgenza;<\/li>\n<li>organizzazione dei ricoveri ospedalieri;<\/li>\n<\/ul>\n<p>&nbsp;<\/p>\n<p>&nbsp;<\/p>\n","protected":false},"excerpt":{"rendered":"<p>Il Vitto Il vitto \u00e8 a carattere familiare. Il men\u00f9 giornaliero \u00e8 stato predisposto garantendo una certa variet\u00e0 di piatti e varia con cadenza quindicinale. Ci\u00f2 per le persone che sono in un buono stato di salute, mentre per quelle che hanno maggiori problematiche fisiche viene preparato un pasto semiliquido, variando comunque il gusto e la qualit\u00e0 dei prodotti. E\u2019 garantita la possibilit\u00e0 di seguire diete particolari connesse al proprio stato di salute. &nbsp; Attivit\u00e0 di Tempo Libero e Animazione All\u2019interno della residenza \u00e8 presente un vasto salone dove gli utenti trascorrono insieme il loro tempo libero dedicandosi a varie attivit\u00e0. In occasione di alcune festivit\u00e0 la residenza organizza attivit\u00e0 ricreative, quali: feste ed incontri con i familiari e con gli anziani del paese. &nbsp; Servizio di Parrucchiere per Uomo e per Donna e Servizio Pedicure Tale servizio \u00e8 garantito sia per le donne che per gli uomini da una parrucchiera esterna alla residenza che viene a prestare servizio a seconda delle necessit\u00e0 e non meno di una volta al mese,chi ha la possibilit\u00e0 si reca al suo negozio. Altri servizi similari sono assicurati dal personale socio-assistenziale. &nbsp; Sala da Pranzo I pasti sono consumati di regola nel salone da pranzo al piano terra della struttura, per problemi di salute sono serviti in camera. Di norma l\u2019orario dei pasti \u00e8 il seguente : colazione ore 9,00; pranzo ore 12,15; cena ore 18,30. &nbsp; Servizio Amministrativo Il personale amministrativo favorisce il disbrigo di pratiche amministrative degli anziani e si occupa della gestione rette, informazione per l\u2019accesso di nuovi utenti e della gestione complessiva della struttura. &nbsp; Servizio di Lavanderia e Guardaroba La residenza assicura il lavaggio e stiratura della biancheria e degli indumenti personali e provvede a fornire lenzuola, federe, coperte e asciugamani. Fornisce inoltre, in caso di bisogno, un servizio di sistemazione e rammendo dei capi deteriorati. &nbsp; L&#8217;Alloggio All\u2019ingresso all\u2019anziano viene assegnato un posto in una camera a due letti. L\u2019assegnazione del posto in una camera singola avviene secondo le valutazioni dell\u2019\u00e9quipe della struttura in considerazione delle problematiche di carattere sociale, assistenziale e sanitario degli anziani presenti, come pure il suo eventuale trasferimento in altra camera. Il residente potr\u00e0, per quanto possibile, scegliere il proprio compagno di camera, arredare la stanza con piccoli arredi personali, usare il proprio televisore. Il residente dovr\u00e0 curare il proprio alloggio e tenere in ordine gli oggetti di sua propriet\u00e0 e rispettare la tranquillit\u00e0 degli altri ospiti. &nbsp; Servizio Sociale L\u2019 assistente sociale del Monastero, oltre alle normali mansioni istituzionali: mantiene i contatti con il servizio sociale dei comuni di provenienza degli anziani; si occupa dell\u2019 ammissione dei nuovi residenti (chiamata, colloquio preliminare all\u2019ammissione, ecc.); mette in atto interventi tesi a favorire i rapporti tra i residenti e tra residenti e operatori della struttura; mantiene i contati con i familiari, favorendo la loro partecipazione alla vita della residenza; partecipa alla stesura di progetti di assistenza individuali; svolge attivit\u00e0 di segretariato sociale. &nbsp; Servizio Religioso All\u2019interno della struttura periodicamente viene celebrata la Santa Messa ed altre funzioni religiose, che sono aperte anche alla comunit\u00e0 di Collazzone. Ogni anziano \u00e8 comunque libero di professare la propria fede religiosa. &nbsp; Le Dimissioni Le dimissioni possono avvenire o per scadenza del termine autorizzato nel caso di ricovero temporaneo o su richiesta scritta presentata dall\u2019anziano o dai familiari, con preavviso di 15 giorni. Il Presidente, in qualit\u00e0 di gestore della residenza, sentito il CDA, pu\u00f2 allontanare un residente, con provvedimento di urgenza, in caso di condotta incompatibile con la vita comunitaria o per gravi infrazioni del Regolamento. Di tale provvedimento viene data comunicazione all\u2019ASL competente e al servizio sociale del Comune di provenienza dell\u2019anziano e\/o ai suoi familiari, affinch\u00e9 venga trovata una nuova e adeguata sistemazione. &nbsp; Assistenza Sociosanitaria L\u2019assistenza di base fornita, si basa sul principio della personalizzazione dell\u2019intervento, stimolando l\u2019autonomia della persona anziana. L\u2019assistenza personalizzata viene programmata tramite il piano di assistenza individualizzato con il contributo di varie figure professionali (socio-sanitari, infermieri, caposala, fisioterapisti) e si concretizza in interventi specifici per il soddisfacimento dei bisogni del residente, nel rispetto delle abitudini di vita di ogni persona. &nbsp; L&#8217;Ammissione La struttura \u00e8 convenzionata per n. 23 posti letto con l\u2019Azienda Unit\u00e0 Sanitaria Locale n. 1 dell\u2019Umbria. Sono ammessi anziani e persone non autosufficienti residenti nei comuni del territorio dell\u2019Azienda stessa, l\u2019ammissione pu\u00f2 essere temporanea o vitalizia ed \u00e8 regolata secondo una lista di attesa stilata sulla base della data di presentazione delle domande, della tipologia della non autosufficienza e delle condizioni sociali del paziente ed \u00e8 tenuta dalla A.S.L. stessa. La valutazione della non autosufficienza \u00e8 definita dall\u2019 Unit\u00e0 di Valutazione Geriatica (U.V.G.) composta dal medico sanitario della A.S.L. e dall\u2019 assistente sociale territoriale, la successiva ammissione in struttura avviene con la comunicazione alla Cooperativa da parte della A.S.L. dell\u2019autorizzazione all\u2019 inserimento. Possono entrare in struttura anche persone non autosufficienti non in convenzione con la A.S.L. n. 1, qualora vi fosse la disponibilit\u00e0 di posti letto nei 25 autorizzati per non autosufficienti. L\u2019 inserimento avviene previa comunicazione telefonica all\u2019anziano o ai familiari, con i quali viene concordato un colloquio preliminare all\u2019ammissione nel quale si definisce la data, vengono raccolte le notizie di natura sociale, assistenziale e sanitarie, e contemporaneamente si forniscono tutte le informazioni relative all\u2019organizzazione della struttura e della camera dove l\u2019anziano sar\u00e0 inserito, sulla base del Regolamento e della Carta dei Servizi. &nbsp; Servizio di Fisioterapia e di Riabilitazione Motoria Gli interventi riguardano il recupero e\/o il mantenimento di funzionalit\u00e0 motorie pi\u00f9 o meno compromesse. &nbsp; Servizio Medico &#8211; Infermieristico L\u2019assistenza sanitaria \u00e8 garantita tramite il Direttore Sanitario del Monastero. Nei giorni festivi e nelle ore notturne il servizio \u00e8 garantito dalla Guardia medica, se il Direttore Sanitario non \u00e8 rintracciabile. Per i casi urgenti il riferimento \u00e8 il 118. Le visite specialistiche vengono effettuate nell\u2019ambito dei servizi forniti dalla A.S.L. sulla base delle richieste del medico curante. Eventuali ricoveri in ospedale sono disposti su ordine medico con ambulanza o mezzo della struttura. L\u2019assistenza durante il ricovero in ospedale \u00e8 a carico dell\u2019anziano, la residenza provvede al recapito e cambio di biancheria. L\u2019assistenza infermieristica \u00e8 fornita da infermieri professionali, abilitati ai termini di legge, coordinati da una caposala, che provvedono a: approvvigionamento, distribuzione e somministrazione terapie prescritte dal medico curante. I farmaci seguono le regole del Servizio Sanitario Nazionale; interventi infermieristici (es. rilevazione parametri vitali, medicazioni, ecc.), secondo le indicazioni dei medico curante; programmazione visite mediche e specialistiche; interventi sanitari di emergenza-urgenza; organizzazione dei ricoveri ospedalieri; &nbsp; &nbsp;<\/p>\n","protected":false},"author":1,"featured_media":0,"parent":0,"menu_order":2,"comment_status":"closed","ping_status":"closed","template":"","meta":{"footnotes":""},"class_list":["post-9","page","type-page","status-publish","hentry"],"_links":{"self":[{"href":"https:\/\/ilmonastero-residenzaprotetta.it\/index.php?rest_route=\/wp\/v2\/pages\/9","targetHints":{"allow":["GET"]}}],"collection":[{"href":"https:\/\/ilmonastero-residenzaprotetta.it\/index.php?rest_route=\/wp\/v2\/pages"}],"about":[{"href":"https:\/\/ilmonastero-residenzaprotetta.it\/index.php?rest_route=\/wp\/v2\/types\/page"}],"author":[{"embeddable":true,"href":"https:\/\/ilmonastero-residenzaprotetta.it\/index.php?rest_route=\/wp\/v2\/users\/1"}],"replies":[{"embeddable":true,"href":"https:\/\/ilmonastero-residenzaprotetta.it\/index.php?rest_route=%2Fwp%2Fv2%2Fcomments&post=9"}],"version-history":[{"count":9,"href":"https:\/\/ilmonastero-residenzaprotetta.it\/index.php?rest_route=\/wp\/v2\/pages\/9\/revisions"}],"predecessor-version":[{"id":248,"href":"https:\/\/ilmonastero-residenzaprotetta.it\/index.php?rest_route=\/wp\/v2\/pages\/9\/revisions\/248"}],"wp:attachment":[{"href":"https:\/\/ilmonastero-residenzaprotetta.it\/index.php?rest_route=%2Fwp%2Fv2%2Fmedia&parent=9"}],"curies":[{"name":"wp","href":"https:\/\/api.w.org\/{rel}","templated":true}]}}